{"id":1011,"date":"2022-03-16T08:53:31","date_gmt":"2022-03-16T07:53:31","guid":{"rendered":"http:\/\/wordpress.andra.fr\/cfe-cgc\/?page_id=1011"},"modified":"2023-01-25T11:19:32","modified_gmt":"2023-01-25T10:19:32","slug":"le-reseau-cfe-cgc","status":"publish","type":"page","link":"https:\/\/cfecgc-andra.fr\/index.php\/le-reseau-cfe-cgc\/","title":{"rendered":"Le r\u00e9seau CFE-CGC"},"content":{"rendered":"<p>Adh\u00e9rer \u00e0 la CFE-CGC Sictam section Andra, c&rsquo;est pouvoir faire jouer le r\u00e9seau CFE-CGC.<\/p>\n<p><strong>Au niveau Andra<\/strong><\/p>\n<p>Adh\u00e9rer \u00e0 la CFE-CGC Sictam Andra vous permet d&rsquo;\u00eatre inform\u00e9 de mani\u00e8re privil\u00e9gi\u00e9s sur les actualit\u00e9s sociales de l&rsquo;Andra<\/p>\n<p>Vous connaitrez les n\u00e9gociations en cours ou \u00e0 venir. Vous saurez au fil de l&rsquo;eau l&rsquo;avanc\u00e9 des discussions et pourrez peser directement sur les d\u00e9bats en exprimant votre avis aupr\u00e8s des n\u00e9gociateurs. Vous pourrez m\u00eame, si vous le souhaitez, devenir un de ces n\u00e9gociateur. Une fois les discussions termin\u00e9s, vous serez consult\u00e9 pour d\u00e9cider si la CFE-CGC doit ratifier le texte final r\u00e9sultant ou non.<\/p>\n<p><strong>Au niveau Sictam<\/strong><\/p>\n<p>Notre syndicat la CFE-CGC Sictam regroupe les sections syndicales des diff\u00e9rents sites du CEA, l&rsquo;IRSN et l&rsquo;Andra. Il entretien \u00e9galement des relations privil\u00e9gi\u00e9es avec le SNNUC syndicat CFE-CGC d&rsquo;Orano et ses filiales. Ainsi que la participation au r\u00e9seau Inter-Epic.<\/p>\n<p>Ce rattachement permet aux adh\u00e9rents d&rsquo;avoir des infos exclusives sur ce qui se passe en interne dans ces soci\u00e9t\u00e9s concernant les r\u00e9mun\u00e9rations, le climat social, les opportunit\u00e9s professionnelles&#8230;<\/p>\n<p><img loading=\"lazy\" decoding=\"async\" class=\"alignnone size-medium wp-image-1101\" src=\"https:\/\/cfecgc-andra.fr\/wp-content\/uploads\/2023\/01\/cropped-1Plan-de-travail-1@4x-300x79.png\" alt=\"\" width=\"300\" height=\"79\" srcset=\"https:\/\/cfecgc-andra.fr\/wp-content\/uploads\/2023\/01\/cropped-1Plan-de-travail-1@4x-300x79.png 300w, https:\/\/cfecgc-andra.fr\/wp-content\/uploads\/2023\/01\/cropped-1Plan-de-travail-1@4x-768x202.png 768w, https:\/\/cfecgc-andra.fr\/wp-content\/uploads\/2023\/01\/cropped-1Plan-de-travail-1@4x.png 787w\" sizes=\"auto, (max-width: 300px) 100vw, 300px\" \/><img loading=\"lazy\" decoding=\"async\" class=\"alignnone size-medium wp-image-1169\" src=\"https:\/\/cfecgc-andra.fr\/wp-content\/uploads\/2023\/01\/cropped-1Fichier-1-300x83.png\" alt=\"\" width=\"300\" height=\"83\" srcset=\"https:\/\/cfecgc-andra.fr\/wp-content\/uploads\/2023\/01\/cropped-1Fichier-1-300x83.png 300w, https:\/\/cfecgc-andra.fr\/wp-content\/uploads\/2023\/01\/cropped-1Fichier-1.png 400w\" sizes=\"auto, (max-width: 300px) 100vw, 300px\" \/><img loading=\"lazy\" decoding=\"async\" class=\"alignnone size-medium wp-image-1211\" src=\"https:\/\/cfecgc-andra.fr\/wp-content\/uploads\/2023\/01\/logi-CFE-CGC-Sictam-300x83.png\" alt=\"\" width=\"300\" height=\"83\" srcset=\"https:\/\/cfecgc-andra.fr\/wp-content\/uploads\/2023\/01\/logi-CFE-CGC-Sictam-300x83.png 300w, https:\/\/cfecgc-andra.fr\/wp-content\/uploads\/2023\/01\/logi-CFE-CGC-Sictam.png 723w\" sizes=\"auto, (max-width: 300px) 100vw, 300px\" \/><img loading=\"lazy\" decoding=\"async\" class=\"alignnone size-medium wp-image-1232\" src=\"https:\/\/cfecgc-andra.fr\/wp-content\/uploads\/2023\/01\/SNNUC-300x117.png\" alt=\"\" width=\"300\" height=\"117\" srcset=\"https:\/\/cfecgc-andra.fr\/wp-content\/uploads\/2023\/01\/SNNUC-300x117.png 300w, https:\/\/cfecgc-andra.fr\/wp-content\/uploads\/2023\/01\/SNNUC.png 360w\" sizes=\"auto, (max-width: 300px) 100vw, 300px\" \/><\/p>\n<p><strong>Au niveau f\u00e9d\u00e9ral \/ conf\u00e9d\u00e9ral<\/strong><\/p>\n<p>Le r\u00e9seau syndical constitue un moyen de contacter directement des acteurs au c\u0153ur d&rsquo;une entreprise cibl\u00e9 pour un besoin sp\u00e9cifique (information, piston, &#8230;).&nbsp;Le syndicat est pr\u00e9sent dans de nombreuses grandes entreprises de France et notamment chez les principaux acteurs du nucl\u00e9aire.<\/p>\n<p>Par ailleurs, La CFE-CGC de part sa repr\u00e9sentativit\u00e9 participe aux n\u00e9gociations \u00e0 l&rsquo;\u00e9chelon national avec le gouvernement sur les projets de loi en lien avec le travail, les retraites&#8230; ainsi qu&rsquo;aux n\u00e9gociations de branches comme par exemple pour la mise \u00e0 la jour de la nouvelle convention m\u00e9tallurgie<\/p>\n<p>Adh\u00e9rer c&rsquo;est augmenter l&rsquo;influence de notre organisation lors de ces n\u00e9gociations et obtenir des&nbsp;infos privil\u00e9gi\u00e9s&nbsp;sur les \u00e9volutions \u00e0 venir de la r\u00e9glementation, du marche du travail.<\/p>\n","protected":false},"excerpt":{"rendered":"<p>Adh\u00e9rer \u00e0 la CFE-CGC Sictam section Andra, c&rsquo;est pouvoir faire jouer le r\u00e9seau CFE-CGC. Au niveau Andra Adh\u00e9rer \u00e0 la CFE-CGC Sictam Andra vous permet d&rsquo;\u00eatre inform\u00e9 de mani\u00e8re privil\u00e9gi\u00e9s sur les actualit\u00e9s sociales de l&rsquo;Andra Vous connaitrez les n\u00e9gociations en cours ou \u00e0 venir. Vous saurez au fil de l&rsquo;eau l&rsquo;avanc\u00e9 des discussions et [&hellip;]<\/p>\n","protected":false},"author":3,"featured_media":0,"parent":0,"menu_order":0,"comment_status":"closed","ping_status":"closed","template":"","meta":{"footnotes":""},"class_list":["post-1011","page","type-page","status-publish","hentry","entry"],"_links":{"self":[{"href":"https:\/\/cfecgc-andra.fr\/index.php\/wp-json\/wp\/v2\/pages\/1011","targetHints":{"allow":["GET"]}}],"collection":[{"href":"https:\/\/cfecgc-andra.fr\/index.php\/wp-json\/wp\/v2\/pages"}],"about":[{"href":"https:\/\/cfecgc-andra.fr\/index.php\/wp-json\/wp\/v2\/types\/page"}],"author":[{"embeddable":true,"href":"https:\/\/cfecgc-andra.fr\/index.php\/wp-json\/wp\/v2\/users\/3"}],"replies":[{"embeddable":true,"href":"https:\/\/cfecgc-andra.fr\/index.php\/wp-json\/wp\/v2\/comments?post=1011"}],"version-history":[{"count":2,"href":"https:\/\/cfecgc-andra.fr\/index.php\/wp-json\/wp\/v2\/pages\/1011\/revisions"}],"predecessor-version":[{"id":1240,"href":"https:\/\/cfecgc-andra.fr\/index.php\/wp-json\/wp\/v2\/pages\/1011\/revisions\/1240"}],"wp:attachment":[{"href":"https:\/\/cfecgc-andra.fr\/index.php\/wp-json\/wp\/v2\/media?parent=1011"}],"curies":[{"name":"wp","href":"https:\/\/api.w.org\/{rel}","templated":true}]}}