{"id":963,"date":"2022-02-24T11:27:57","date_gmt":"2022-02-24T10:27:57","guid":{"rendered":"http:\/\/wordpress.andra.fr\/cfe-cgc\/?page_id=963"},"modified":"2023-01-25T10:36:36","modified_gmt":"2023-01-25T09:36:36","slug":"963-2","status":"publish","type":"page","link":"https:\/\/cfecgc-andra.fr\/index.php\/963-2\/","title":{"rendered":"Assurance juridique"},"content":{"rendered":"<div class=\"accordion-title active\">\n<div class=\"field-content\"><span style=\"font-weight: 300;\">La CFE-CGC a n\u00e9goci\u00e9 un contrat de protection juridique.<\/span><\/div>\n<\/div>\n<div><\/div>\n<div><img loading=\"lazy\" decoding=\"async\" class=\"alignnone size-medium wp-image-1222\" src=\"https:\/\/cfecgc-andra.fr\/wp-content\/uploads\/2023\/01\/pexels-kindel-media-7688374-300x225.jpg\" alt=\"\" width=\"300\" height=\"225\" srcset=\"https:\/\/cfecgc-andra.fr\/wp-content\/uploads\/2023\/01\/pexels-kindel-media-7688374-300x225.jpg 300w, https:\/\/cfecgc-andra.fr\/wp-content\/uploads\/2023\/01\/pexels-kindel-media-7688374-1024x768.jpg 1024w, https:\/\/cfecgc-andra.fr\/wp-content\/uploads\/2023\/01\/pexels-kindel-media-7688374-768x576.jpg 768w, https:\/\/cfecgc-andra.fr\/wp-content\/uploads\/2023\/01\/pexels-kindel-media-7688374-1536x1152.jpg 1536w, https:\/\/cfecgc-andra.fr\/wp-content\/uploads\/2023\/01\/pexels-kindel-media-7688374-2048x1536.jpg 2048w\" sizes=\"auto, (max-width: 300px) 100vw, 300px\" \/><\/div>\n<div class=\"accordion-text\">\n<div class=\"field-content\">\n<p>Ce contrat d&rsquo;assurance avec&nbsp;Th\u00e9mis (filiale Macif)&nbsp;<u><strong>permet une prise en charge des frais juridiques en cas de conflit avec l&#8217;employeur<\/strong><\/u>&nbsp;selon une proc\u00e9dure et un bar\u00e8me de remboursement plafonn\u00e9.<\/p>\n<p><strong>T\u00e9l\u00e9charger les contrats en cliquant sur les liens ci-dessous :<\/strong><\/p>\n<p><a href=\"https:\/\/www.metallurgie-cfecgc.com\/sites\/default\/files\/inline-files\/notice_dinformation_40000002531_-_cfe_cgc_-_federation_de_la_metallurgie_20160411.pdf\" target=\"_blank\" rel=\"noopener\" data-entity-type=\"file\" data-entity-uuid=\"2c64686d-4cba-4769-9c5a-5b3b0d0ec387\">Notice d&rsquo;information Contrat MACIF &#8211; Protection juridique suppl\u00e9mentaire des adh\u00e9rents CFE-CGC M\u00e9tallurgie<\/a><\/p>\n<p><a href=\"https:\/\/www.metallurgie-cfecgc.com\/sites\/default\/files\/contrat_macif_-_defenseur_juridique_-_2015-04.pdf\" target=\"_blank\" rel=\"noopener\">Contrat MACIF &#8211; D\u00e9fenseur juridique &#8211; 2015-04<\/a><a href=\"https:\/\/www.metallurgie-cfecgc.com\/sites\/default\/files\/inline-files\/contrat_macif_-_defenseur_juridique_-_2015-04.pdf\" target=\"_blank\" rel=\"noopener\" data-entity-type=\"file\" data-entity-uuid=\"845a8b51-84e1-4956-af4e-833cd2d1daaf\">&nbsp;<\/a><\/p>\n<p><em>Chacun de nous peut, dans le cadre d\u2019un mandat de d\u00e9fenseur juridique, voir sa responsabilit\u00e9 mise en cause. La Conf\u00e9d\u00e9ration a d\u00e9cid\u00e9 de nous couvrir face \u00e0 ce risque.<\/em><\/p>\n<p><a href=\"https:\/\/www.metallurgie-cfecgc.com\/sites\/default\/files\/inline-files\/contrat_macif_-_vie_professionnelle_-_2015-04.pdf\" target=\"_blank\" rel=\"noopener\" data-entity-type=\"file\" data-entity-uuid=\"6d4f9c6c-4b9c-48cf-9a8e-e2e22218f68e\">Contrat MACIF &#8211; Vie professionnelle &#8211; 2015-04<\/a><\/p>\n<p><em>Chacun de nous peut, \u00e0 tout moment de sa vie professionnelle, \u00eatre en situation conflictuelle r\u00e9sultant notamment de l\u2019application ou de l\u2019interpr\u00e9tation d\u2019une loi, d\u2019un acte administratif, d\u2019un r\u00e8glement int\u00e9rieur, de statuts ou d\u2019un contrat, et qui ne peut \u00eatre r\u00e9solue que judiciairement si elle ne l\u2019est pas amiablement ou par abandon de poursuites. La CFE-CGC vous offre la garantie de ce risque.<\/em><\/p>\n<p><a href=\"https:\/\/www.metallurgie-cfecgc.com\/sites\/default\/files\/inline-files\/contrat_macif_-_vie_syndicale_-_2015-04.pdf\" target=\"_blank\" rel=\"noopener\" data-entity-type=\"file\" data-entity-uuid=\"86bf0d8e-1cbd-4dd7-8a2f-529697a5100e\">Contrat MACIF &#8211; Vie syndicale &#8211; 2015-04<\/a><\/p>\n<p><em>Chacun de nous peut, au cours de son activit\u00e9 syndicale \u00eatre victime ou responsable d\u2019un accident. La Conf\u00e9d\u00e9ration a souscrit ce contrat aupr\u00e8s de la MACIF afin de compl\u00e9ter vos garanties personnelles.<\/em><\/p>\n<\/div>\n<div class=\"accordion-title active\"><\/div>\n<\/div>\n<div><\/div>\n<div class=\"accordion-text\"><\/div>\n","protected":false},"excerpt":{"rendered":"<p>La CFE-CGC a n\u00e9goci\u00e9 un contrat de protection juridique. Ce contrat d&rsquo;assurance avec&nbsp;Th\u00e9mis (filiale Macif)&nbsp;permet une prise en charge des frais juridiques en cas de conflit avec l&#8217;employeur&nbsp;selon une proc\u00e9dure et un bar\u00e8me de remboursement plafonn\u00e9. T\u00e9l\u00e9charger les contrats en cliquant sur les liens ci-dessous : Notice d&rsquo;information Contrat MACIF &#8211; Protection juridique suppl\u00e9mentaire des [&hellip;]<\/p>\n","protected":false},"author":3,"featured_media":0,"parent":0,"menu_order":0,"comment_status":"closed","ping_status":"closed","template":"","meta":{"footnotes":""},"class_list":["post-963","page","type-page","status-publish","hentry","entry"],"_links":{"self":[{"href":"https:\/\/cfecgc-andra.fr\/index.php\/wp-json\/wp\/v2\/pages\/963","targetHints":{"allow":["GET"]}}],"collection":[{"href":"https:\/\/cfecgc-andra.fr\/index.php\/wp-json\/wp\/v2\/pages"}],"about":[{"href":"https:\/\/cfecgc-andra.fr\/index.php\/wp-json\/wp\/v2\/types\/page"}],"author":[{"embeddable":true,"href":"https:\/\/cfecgc-andra.fr\/index.php\/wp-json\/wp\/v2\/users\/3"}],"replies":[{"embeddable":true,"href":"https:\/\/cfecgc-andra.fr\/index.php\/wp-json\/wp\/v2\/comments?post=963"}],"version-history":[{"count":2,"href":"https:\/\/cfecgc-andra.fr\/index.php\/wp-json\/wp\/v2\/pages\/963\/revisions"}],"predecessor-version":[{"id":1224,"href":"https:\/\/cfecgc-andra.fr\/index.php\/wp-json\/wp\/v2\/pages\/963\/revisions\/1224"}],"wp:attachment":[{"href":"https:\/\/cfecgc-andra.fr\/index.php\/wp-json\/wp\/v2\/media?parent=963"}],"curies":[{"name":"wp","href":"https:\/\/api.w.org\/{rel}","templated":true}]}}