{"id":996,"date":"2022-02-25T08:57:03","date_gmt":"2022-02-25T07:57:03","guid":{"rendered":"http:\/\/wordpress.andra.fr\/cfe-cgc\/?page_id=996"},"modified":"2023-01-25T10:39:53","modified_gmt":"2023-01-25T09:39:53","slug":"formations-syndicales","status":"publish","type":"page","link":"https:\/\/cfecgc-andra.fr\/index.php\/formations-syndicales\/","title":{"rendered":"Formations syndicales"},"content":{"rendered":"<div class=\"accordion-title active\">\n<div class=\"field-content\">Formations syndicales<\/div>\n<\/div>\n<div class=\"accordion-text\">\n<div class=\"field-content\">\n<p><img loading=\"lazy\" decoding=\"async\" class=\"alignnone size-medium wp-image-1227\" src=\"https:\/\/cfecgc-andra.fr\/wp-content\/uploads\/2023\/01\/pexels-christina-morillo-1181329-300x200.jpg\" alt=\"\" width=\"300\" height=\"200\" srcset=\"https:\/\/cfecgc-andra.fr\/wp-content\/uploads\/2023\/01\/pexels-christina-morillo-1181329-300x200.jpg 300w, https:\/\/cfecgc-andra.fr\/wp-content\/uploads\/2023\/01\/pexels-christina-morillo-1181329-1024x684.jpg 1024w, https:\/\/cfecgc-andra.fr\/wp-content\/uploads\/2023\/01\/pexels-christina-morillo-1181329-768x513.jpg 768w, https:\/\/cfecgc-andra.fr\/wp-content\/uploads\/2023\/01\/pexels-christina-morillo-1181329-1536x1025.jpg 1536w, https:\/\/cfecgc-andra.fr\/wp-content\/uploads\/2023\/01\/pexels-christina-morillo-1181329-2048x1367.jpg 2048w\" sizes=\"auto, (max-width: 300px) 100vw, 300px\" \/><\/p>\n<p>En tant qu&rsquo;adh\u00e9rent, nous vous proposons ces formations :<\/p>\n<\/div>\n<ul>\n<li>Ouverture sur le Syndicalisme (stage obligatoire avant de pouvoir suivre les autres)<\/li>\n<li>Repr\u00e9sentation du personnel dans l\u2019entreprise<\/li>\n<li>Stages CSE<\/li>\n<li>Technique de N\u00e9gociation<\/li>\n<li>Technique de N\u00e9gociation niveau II<\/li>\n<li>Communication \u00e9crite<\/li>\n<li>Management de l\u2019\u00e9quipe syndical<\/li>\n<li>Le contrat de travail<\/li>\n<li>D\u00e9velopper sa section syndicale<\/li>\n<li>Expression orale et gestuelle<\/li>\n<li>Les \u00e9lections professionnelles dans l\u2019entreprise<\/li>\n<li>Harc\u00e8lement et discriminations Niveau 1<\/li>\n<li>Harc\u00e8lement et discriminations Niveau 2<\/li>\n<\/ul>\n<p><a href=\"https:\/\/www.metallurgie-cfecgc.com\/formations-sindicales\" target=\"_blank\" rel=\"noopener\">Cliquez ici pour obtenir plus\u00a0de\u00a0renseignements<\/a>\u00a0!<\/p>\n<\/div>\n<p>En plus de ces formations, voici un certain nombre de stage en visio<br \/>\n<span style=\"font-weight: 300;\">(Renseignements\u00a0: <\/span><strong><a href=\"mailto:corinne.decker@metallurgie-cfecgc.com\">corinne.decker@metallurgie-cfecgc.com<\/a>)<\/strong><\/p>\n","protected":false},"excerpt":{"rendered":"<p>Formations syndicales En tant qu&rsquo;adh\u00e9rent, nous vous proposons ces formations : Ouverture sur le Syndicalisme (stage obligatoire avant de pouvoir suivre les autres) Repr\u00e9sentation du personnel dans l\u2019entreprise Stages CSE Technique de N\u00e9gociation Technique de N\u00e9gociation niveau II Communication \u00e9crite Management de l\u2019\u00e9quipe syndical Le contrat de travail D\u00e9velopper sa section syndicale Expression orale et [&hellip;]<\/p>\n","protected":false},"author":3,"featured_media":0,"parent":0,"menu_order":0,"comment_status":"closed","ping_status":"closed","template":"","meta":{"footnotes":""},"class_list":["post-996","page","type-page","status-publish","hentry","entry"],"_links":{"self":[{"href":"https:\/\/cfecgc-andra.fr\/index.php\/wp-json\/wp\/v2\/pages\/996","targetHints":{"allow":["GET"]}}],"collection":[{"href":"https:\/\/cfecgc-andra.fr\/index.php\/wp-json\/wp\/v2\/pages"}],"about":[{"href":"https:\/\/cfecgc-andra.fr\/index.php\/wp-json\/wp\/v2\/types\/page"}],"author":[{"embeddable":true,"href":"https:\/\/cfecgc-andra.fr\/index.php\/wp-json\/wp\/v2\/users\/3"}],"replies":[{"embeddable":true,"href":"https:\/\/cfecgc-andra.fr\/index.php\/wp-json\/wp\/v2\/comments?post=996"}],"version-history":[{"count":1,"href":"https:\/\/cfecgc-andra.fr\/index.php\/wp-json\/wp\/v2\/pages\/996\/revisions"}],"predecessor-version":[{"id":1228,"href":"https:\/\/cfecgc-andra.fr\/index.php\/wp-json\/wp\/v2\/pages\/996\/revisions\/1228"}],"wp:attachment":[{"href":"https:\/\/cfecgc-andra.fr\/index.php\/wp-json\/wp\/v2\/media?parent=996"}],"curies":[{"name":"wp","href":"https:\/\/api.w.org\/{rel}","templated":true}]}}